{"id":813,"date":"2018-08-30T18:09:54","date_gmt":"2018-08-30T21:09:54","guid":{"rendered":"https:\/\/enssjf-ers.infd.edu.ar\/sitio\/diseno-escuela-secundaria-e-r\/"},"modified":"2025-05-05T16:18:03","modified_gmt":"2025-05-05T19:18:03","slug":"escuela-secundaria-e-r","status":"publish","type":"page","link":"https:\/\/enssjf-ers.infd.edu.ar\/sitio\/escuela-secundaria-e-r\/","title":{"rendered":"ESCUELA SECUNDARIA &#8211; E.R."},"content":{"rendered":"<h4><strong><span style=\"color: #333333;\">Propuesta educativa para el Nivel Secundario de la Provincia de Entre R\u00edos, que \u2013en el contexto federal &#8211; orienta desarrollo educativo de la provincia.\u00a0<\/span><\/strong><\/h4>\n<h6><\/h6>\n<h3>Modalidad Com\u00fan<\/h3>\n<h3 style=\"padding-left: 40px;\"><a title=\"Dise\u00f1o Escuela Secundaria - Tomo I\" href=\"upload\/diseno-curricular-de-educacion-secundaria-tomo-i.pdf\" target=\"_blank\" rel=\"noopener\">D\u00f1o Curric. de Educ. Secundaria &#8211; Tomo I<\/a><\/h3>\n<h3 style=\"padding-left: 40px;\"><a title=\"Dise\u00f1o Escuela Secundaria - Tomo II\" href=\"upload\/diseno-curricular-de-educacion-secundaria-tomo-ii.pdf\" target=\"_blank\" rel=\"noopener\">D\u00f1o Curric. de Educ. Secundaria &#8211; Tomo II<\/a><\/h3>\n<h3>Modalidad ETP<\/h3>\n<h3 style=\"padding-left: 40px;\"><a href=\"https:\/\/e67tabare.wordpress.com\/wp-content\/uploads\/2011\/11\/resolucion-0609-11-cge-lineamientos-etp.pdf\" target=\"_blank\" rel=\"noopener\">Res. 609\/11 CGE<\/a><\/h3>\n<h3 style=\"padding-left: 40px;\"><a href=\"https:\/\/agmer.org.ar\/index\/wp-content\/uploads\/2018\/11\/Resolucion-2757-11.pdf\" target=\"_blank\" rel=\"noopener\">Res. 2757\/11 CGE<\/a><\/h3>\n<h3 style=\"padding-left: 40px;\"><a href=\"https:\/\/drive.google.com\/file\/d\/1cGAJ47ZKjvSB7_jAO_b1lPMp81SmpNl6\/view?usp=sharing\" target=\"_blank\" rel=\"noopener\">NAP &#8211; Nivel Secundario<\/a><\/h3>\n","protected":false},"excerpt":{"rendered":"<p>Propuesta educativa para el Nivel Secundario de la Provincia de Entre R\u00edos, que \u2013en el contexto federal &#8211; orienta desarrollo educativo de la provincia.\u00a0 Modalidad Com\u00fan D\u00f1o Curric. de Educ. Secundaria &#8211; Tomo I D\u00f1o Curric. de Educ. Secundaria &#8211; Tomo II Modalidad ETP Res. 609\/11 CGE Res. 2757\/11 CGE NAP &#8211; Nivel Secundario<\/p>\n","protected":false},"author":138,"featured_media":0,"parent":0,"menu_order":0,"comment_status":"closed","ping_status":"closed","template":"","meta":[],"acf":[],"_links":{"self":[{"href":"https:\/\/enssjf-ers.infd.edu.ar\/sitio\/wp-json\/wp\/v2\/pages\/813"}],"collection":[{"href":"https:\/\/enssjf-ers.infd.edu.ar\/sitio\/wp-json\/wp\/v2\/pages"}],"about":[{"href":"https:\/\/enssjf-ers.infd.edu.ar\/sitio\/wp-json\/wp\/v2\/types\/page"}],"author":[{"embeddable":true,"href":"https:\/\/enssjf-ers.infd.edu.ar\/sitio\/wp-json\/wp\/v2\/users\/138"}],"replies":[{"embeddable":true,"href":"https:\/\/enssjf-ers.infd.edu.ar\/sitio\/wp-json\/wp\/v2\/comments?post=813"}],"version-history":[{"count":8,"href":"https:\/\/enssjf-ers.infd.edu.ar\/sitio\/wp-json\/wp\/v2\/pages\/813\/revisions"}],"predecessor-version":[{"id":2906,"href":"https:\/\/enssjf-ers.infd.edu.ar\/sitio\/wp-json\/wp\/v2\/pages\/813\/revisions\/2906"}],"wp:attachment":[{"href":"https:\/\/enssjf-ers.infd.edu.ar\/sitio\/wp-json\/wp\/v2\/media?parent=813"}],"curies":[{"name":"wp","href":"https:\/\/api.w.org\/{rel}","templated":true}]}}